e 14, what is 2dadd + 40?
2db3d
In base 16, what is -3c46 + -e8c?
-4ad2
In base 7, what is -633001 - 43?
-633044
In base 6, what is -22 - -12422055?
12422033
In base 2, what is 10111010 - 10010101001?
-1111101111
In base 10, what is -14433728 + -3?
-14433731
In base 2, what is -100110010110101 - 1000111100?
-100111011110001
In base 4, what is -110012010102 - 30?
-110012010132
In base 11, what is -148 - 481693?
-481830
In base 8, what is -23265042 + 27?
-23265013
In base 5, what is 14234 + -101304?
-32020
In base 3, what is -1220010 - -202021220002?
202012222222
In base 12, what is -11090709 - 6?
-11090713
In base 4, what is -1030220311 - 1?
-1030220312
In base 7, what is 11642244 + 54?
11642331
In base 4, what is 333 + 21112222?
21113221
In base 6, what is 5515131 + -35?
5515052
In base 12, what is -4b096b4 + 7?
-4b096a9
In base 10, what is 105974 - -8?
105982
In base 9, what is -62 - 12652043?
-12652115
In base 11, what is -794079 - 3?
-794081
In base 4, what is -12211 + 32111310?
32033033
In base 14, what is 136 + -19054?
-18d1c
In base 14, what is -8 + ca9cb65?
ca9cb5b
In base 7, what is -624 + 66014?
65060
In base 8, what is 1 - -172177317?
172177320
In base 3, what is 2202101021221111 - -101?
2202101021221212
In base 13, what is -91a8 + 4b18?
-4390
In base 8, what is -143 + 10171562?
10171417
In base 16, what is -10394f - -5?
-10394a
In base 12, what is 1040 + -87501?
-86481
In base 11, what is 40 - 415508?
-415478
In base 16, what is 9 - -60b1d3?
60b1dc
In base 5, what is -41 + -11334023?
-11334114
In base 9, what is 15114 + 2402?
17516
In base 14, what is 623a7 + -1?
623a6
In base 10, what is -297 + -80481?
-80778
In base 13, what is 1130c + -463?
10b79
In base 14, what is 4 - 1266452?
-126644c
In base 6, what is 15 - -5031125?
5031144
In base 4, what is 32 + -10020320301?
-10020320203
In base 5, what is 130010303 + 2403?
130013211
In base 8, what is 306174 - 1161?
305013
In base 7, what is -52311610 - -3?
-52311604
In base 13, what is -43 + 9b6c0?
9b67a
In base 15, what is -36873 - -268?
-3660a
In base 12, what is -2 - -821316a6?
821316a4
In base 3, what is 101221100 - -1002?
101222102
In base 3, what is 22120220210020 - 12?
22120220210001
In base 16, what is -b0d3d + -4?
-b0d41
In base 6, what is -30143114 + 20?
-30143054
In base 11, what is 74a3 + 55429?
61921
In base 4, what is -120211320023 + 11?
-120211320012
In base 15, what is -41d38b9 - -5?
-41d38b4
In base 2, what is 11 - 1001011101001111111?
-1001011101001111100
In base 14, what is 1b8 + -206ba?
-20502
In base 6, what is 1012 - 14200304?
-14155252
In base 13, what is -23141 - 8a4?
-23a15
In base 3, what is -22102 + 11021110211?
11021011102
In base 13, what is -5299 + 62?
-5237
In base 11, what is -68292 + -12?
-682a4
In base 11, what is 326950610 + -3?
326950608
In base 14, what is -380da - -c8?
-38012
In base 14, what is -2 + -4b8dbc2?
-4b8dbc4
In base 16, what is 11 - -2fab2?
2fac3
In base 11, what is 3 + -1301387?
-1301384
In base 6, what is 123 - 13313505?
-13313342
In base 2, what is -1010010110 - -100001010101101000?
100001001011010010
In base 12, what is b9369 - -2?
b936b
In base 9, what is 11005022 - 4?
11005017
In base 3, what is 11111110210112 - -201?
11111110211020
In base 14, what is 14c5c9 + -72?
14c557
In base 6, what is -21 - -30121551?
30121530
In base 15, what is 7949 - -30a?
7c54
In base 10, what is -12434260 + 0?
-12434260
In base 6, what is 123 - 101300401?
-101300234
In base 15, what is -114 + 662a8?
66194
In base 13, what is -2b3a4 + -a155?
-38529
In base 10, what is -11008050 - 0?
-11008050
In base 8, what is -251336 + 1167?
-250147
In base 15, what is -50c9907 + -1?
-50c9908
In base 14, what is -3873873b + -1?
-3873873c
In base 8, what is 1061 + 42730?
44011
In base 8, what is 11170736 + 30?
11170766
In base 7, what is 4632666204 + 3?
4632666210
In base 9, what is 32 - -714170?
714212
In base 3, what is -10020211 + -22012101201?
-22022122112
In base 9, what is 38116 - 63285?
-24168
In base 3, what is 2220011102 - 12211?
2212221121
In base 16, what is -f76583 + -22?
-f765a5
In base 3, what is 21100122110002 + 2?
21100122110011
In base 2, what is -1100111011111010100 + 1100?
-1100111011111001000
In base 2, what is -11 + -101110111100110001100010?
-101110111100110001100101
In base 5, what is 3212 + 4041213?
4044430
In base 15, what is 5b + 14eab?
15017
In base 15, what is 6 - 743c41?
-743c3a
In base 12, what is -95947585 - -4?
-95947581
In base 8, what is 20017 - 3141?
14656
In base 2, what is 1101010110001000010000101111 + 101?
1101010110001000010000110100
In base 7, what is -160622333 - 0?
-160622333
In base 8, what is -5 + 5227567?
5227562
In base 8, what is 402630 - 1542?
401066
In base 7, what is -51334 + 10555?
-40446
In base 7, what is 111425130 + -11?
111425116
In base 7, what is 110113031 + -13?
110113015
In base 14, what is -db30069 - 4?
-db3006d
In base 14, what is -ba4 - 6186?
-6d4a
In base 4, what is -201022213223 - 2202?
-201022222031
In base 13, what is -1209968 + 18?
-1209950
In base 15, what is -14 + 36b22?
36b0d
In base 14, what is 2 - -2b87aa1?
2b87aa3
In base 6, what is 4 + 1143020212?
1143020220
In base 12, what is -4 + 4bb702?
4bb6ba
In base 7, what is -6104642 - 1512?
-6106454
In base 11, what is 1562931 - 8?
1562924
In base 6, what is 0 - 2141341?
-2141341
In base 8, what is 3747353326 - 1?
3747353325
In base 6, what is 15023 - 134124?
-115101
In base 7, what is -1 - 11146523?
-11146524
In base 9, what is 805711 + 12?
805723
In base 4, what is -11 - -100332313122?
100332313111
In base 4, what is -11303301302 + -13021?
-11303320323
In base 10, what is -3134 - 25278?
-28412
In base 9, what is 5208 + -143?
5055
In base 10, what is -36322 - -3980?
-32342
In base 3, what is -21000021020220 - 10?
-21000021021000
In base 5, what is -10 - -2342423234?
2342423224
In base 5, what is -2 + -33044414330?
-33044414332
In base 4, what is 3223 + 1110222000?
1110231223
In base 4, what is 2222220213012 - 12?
2222220213000
In base 9, what is -2 + 141287122?
141287120
In base 4, what is 321 - -201013132?
201020113
In base 13, what is -1 - 4bc57a93?
-4bc57a94
In base 11, what is -348a247a + -2?
-348a2481
In base 12, what is -37 + -3078454?
-307848b
In base 7, what is -44 - -431035100?
431035023
In base 15, what is 3e5 - -ae5ba?
ae9b0
In base 12, what is -2b78aa4 + 0?
-2b78aa4
In base 11, what is -54030a1 + 17?
-5403085
In base 9, what is 40 - 355777?
-355737
In base 6, what is 135210 - 11511?
123255
In base 14, what is -52bb - 794?
-5a71
In base 12, what is 223 + 17036?
17259
In base 3, what is 11112212212211101 + -2?
11112212212211022
In base 13, what is -54a4b9 - -65?
-54a454
In base 15, what is -576 - 1b091?
-1b617
In base 16, what is 800be + 1c?
800da
In base 14, what is -4a7705a - -10?
-4a7704a
In base 2, what is -100001000111100 - 1000000100?
-100010001000000
In base 10, what is -72913858 + 4?
-72913854
In base 10, what is -15423 - 173?
-15596
In base 7, what is 223552501 + 16?
223552520
In base 15, what is e85c5d - -3?
e85c61
In base 4, what is -101203313 + -3031?
-101213010
In base 15, what is -d2c + -bcb?
-1a08
In base 4, what is -3022231013 - 2231?
-3022233310
In base 10, what is -2317 - 16?
-2333
In base 15, what is -5130 - -17a7?
-3878
In base 9, what is -1112786384 - -3?
-1112786381
In base 10, what is 522400 + -1348?
521052
In base 14, what is 2a + 288714?
288740
In base 3, what is 2201010 - 2111012211?
-2101111201
In base 11, what is 392 + 1a596?
1a978
In base 10, what is 189 + 170834?
171023
In base 7, what is -2 - 24225320?
-24225322
In base 10, what is 207 - 534170?
-533963
In base 2, what is -1000 + -110001110101111110101000111?
-110001110101111110101001111
In base 15, what is 36203e7 + 2?
36203e9
In base 12, what is -3b13815 + 22?
-3b137b3
In base 12, what is 4895538 + -4?
4895534
In base 6, what is -25 - 510241250?
-510241315
In base 8, what is -5 - -256461204?
256461177
In base 13, what is 50 - -388a30?
388a80
In base 10, what is 7666264 + 8?
7666272
In base 16, what is -6c6db - 96?
-6c771
In base 5, what is -3 + 11431300020?
11431300012
In base 16, what is -1 + -871e96c?
-871e96d
In base 13, what is 450c4 - -261?
45355
In base 13, what is -2bb - 3359?
-3647
In base 4, what is -2 + -1022103232233?
-1022103232301
In base 8, wh